7
Calculate the remainder when 2506642 is divided by 1311.
10
What is the remainder when 70529 is divided by 2442?
2153
Calculate the remainder when 639371 is divided by 319497.
377
Calculate the remainder when 19445205 is divided by 752.
741
What is the remainder when 1287834 is divided by 1286692?
1142
What is the remainder when 3365592 is divided by 1199?
1198
Calculate the remainder when 64679937 is divided by 256.
1
What is the remainder when 67969 is divided by 32833?
2303
Calculate the remainder when 7496307 is divided by 646.
123
Calculate the remainder when 2401132 is divided by 8366.
90
What is the remainder when 340315 is divided by 1442?
3
Calculate the remainder when 311113 is divided by 2173.
374
What is the remainder when 181285 is divided by 156?
13
Calculate the remainder when 12078 is divided by 3750.
828
What is the remainder when 673554953 is divided by 69?
68
Calculate the remainder when 1869656 is divided by 6798.
206
Calculate the remainder when 105962 is divided by 124.
66
What is the remainder when 30341 is divided by 6055?
66
Calculate the remainder when 1751994 is divided by 291997.
12
Calculate the remainder when 632887 is divided by 158217.
19
What is the remainder when 1164448 is divided by 89559?
181
What is the remainder when 7675754 is divided by 1498?
2
What is the remainder when 404026 is divided by 2590?
2576
Calculate the remainder when 26977911 is divided by 272504.
15
What is the remainder when 17313 is divided by 21?
9
What is the remainder when 23231403 is divided by 6053?
6042
Calculate the remainder when 33823016 is divided by 219.
218
Calculate the remainder when 66413 is divided by 65558.
855
What is the remainder when 116516 is divided by 54266?
7984
What is the remainder when 19366 is divided by 2266?
1238
Calculate the remainder when 599885 is divided by 410.
55
Calculate the remainder when 35414055 is divided by 6.
3
What is the remainder when 8586696 is divided by 99?
30
Calculate the remainder when 47013 is divided by 1360.
773
What is the remainder when 397253 is divided by 99263?
201
Calculate the remainder when 233600965 is divided by 5989768.
13
Calculate the remainder when 3211592 is divided by 79.
5
What is the remainder when 8372932 is divided by 971?
970
What is the remainder when 2315848 is divided by 1417?
470
What is the remainder when 13527 is divided by 6542?
443
What is the remainder when 1961945 is divided by 421?
85
What is the remainder when 12732 is divided by 3177?
24
Calculate the remainder when 421982 is divided by 290.
32
What is the remainder when 13348528 is divided by 381386?
18
What is the remainder when 857048 is divided by 122223?
1487
What is the remainder when 81257 is divided by 6172?
1021
Calculate the remainder when 180777 is divided by 20065.
192
Calculate the remainder when 871602 is divided by 13.
4
What is the remainder when 784344 is divided by 1016?
1008
Calculate the remainder when 50677 is divided by 8205.
1447
Calculate the remainder when 228309 is divided by 7798.
2167
What is the remainder when 14750794 is divided by 14075?
194
Calculate the remainder when 191479 is divided by 190761.
718
What is the remainder when 10101300 is divided by 92671?
161
Calculate the remainder when 595496 is divided by 297714.
68
Calculate the remainder when 1541327 is divided by 62.
7
What is the remainder when 40983 is divided by 619?
129
Calculate the remainder when 1317237 is divided by 360.
357
Calculate the remainder when 323090 is divided by 40.
10
What is the remainder when 185395 is divided by 90401?
4593
What is the remainder when 149557 is divided by 49233?
1858
What is the remainder when 14928260 is divided by 87?
17
What is the remainder when 29135 is divided by 13930?
1275
Calculate the remainder when 2304661 is divided by 5608.
5381
What is the remainder when 41741591 is divided by 22004?
3
What is the remainder when 2818488 is divided by 8645?
218
What is the remainder when 4368891 is divided by 61?
10
What is the remainder when 34323828 is divided by 536?
532
Calculate the remainder when 2525392 is divided by 2598.
136
Calculate the remainder when 10853266 is divided by 6546.
6544
What is the remainder when 6142935 is divided by 5667?
5574
Calculate the remainder when 8246712 is divided by 916291.
93
What is the remainder when 102736 is divided by 319?
18
What is the remainder when 151660 is divided by 5448?
4564
What is the remainder when 56913 is divided by 2754?
1833
Calculate the remainder when 11937610 is divided by 3979200.
10
What is the remainder when 1264389 is divided by 631429?
1531
What is the remainder when 269280 is divided by 38463?
39
What is the remainder when 63737 is divided by 36?
17
Calculate the remainder when 10501500 is divided by 143856.
12
Calculate the remainder when 6671519 is divided by 90.
89
What is the remainder when 726314 is divided by 428?
426
What is the remainder when 478381 is divided by 1174?
563
Calculate the remainder when 140022952 is divided by 23.
10
Calculate the remainder when 10154654 is divided by 3384876.
26
Calculate the remainder when 465379 is divided by 77.
68
What is the remainder when 93948435 is divided by 11743554?
3
What is the remainder when 18571650 is divided by 934?
928
What is the remainder when 5416805 is divided by 55?
20
What is the remainder when 371480 is divided by 123237?
1769
What is the remainder when 28769989 is divided by 9589993?
10
Calculate the remainder when 167789479 is divided by 11025.
4
Calculate the remainder when 2247868703 is divided by 1648.
1647
What is the remainder when 871186 is divided by 87011?
1076
What is the remainder when 62904 is divided by 453?
390
What is the remainder when 95941212 is divided by 2744?
2740
Calculate the remainder when 2469203 is divided by 102876.
179
What is the remainder when 251579 is divided by 50120?
979
Calculate the remainder when 1263593 is divided by 1996.
125
Calculate the remainder when 204794 is divided by 4110.
3404
Calculate the remainder when 337561 is divided by 30654.
367
What is the remainder when 41311586 is divided by 5295?
5291
Calculate the remainder when 1900340 is divided by 29.
28
What is the remainder when 9295 is divided by 7875?
1420
Calculate the remainder when 88575 is divided by 12610.
305
What is the remainder when 300408 is divided by 666?
42
Calculate the remainder when 10423 is divided by 514.
143
What is the remainder when 43490123 is divided by 12?
11
What is the remainder when 17044606 is divided by 32?
30
Calculate the remainder when 38578 is divided by 19254.
70
What is the remainder when 23833461 is divided by 1314?
129
Calculate the remainder when 352562495 is divided by 88.
87
What is the remainder when 264646 is divided by 382?
302
Calculate the remainder when 414274 is divided by 137518.
1720
What is the remainder when 62815525 is divided by 27?
25
What is the remainder when 372733619 is divided by 99?
5
What is the remainder when 2014602 is divided by 83868?
1770
What is the remainder when 10021 is divided by 3970?
2081
Calculate the remainder when 86932843 is divided by 2422.
2419
Calculate the remainder when 19191051 is divided by 1992.
123
Calculate the remainder when 10318858 is divided by 105.
88
Calculate the remainder when 142747 is divided by 214.
9
What is the remainder when 4729627 is divided by 46?
45
What is the remainder when 38655 is divided by 1560?
1215
Calculate the remainder when 147344 is divided by 1655.
49
Calculate the remainder when 16686694 is divided by 46.
10
Calculate the remainder when 1718692 is divided by 186.
52
What is the remainder when 4922094 is divided by 450?
444
What is the remainder when 2241323 is divided by 35?
28
Calculate the remainder when 42593 is divided by 13854.
1031
What is the remainder when 722534630 is divided by 1749?
1742
Calculate the remainder when 1938410 is divided by 538.
534
Calculate the remainder when 4371760 is divided by 257160.
40
What is the remainder when 146016 is divided by 1664?
1248
What is the remainder when 95249 is divided by 5485?
2004
What is the remainder when 811680 is divided by 1199?
1156
Calculate the remainder when 681392 is divided by 3492.
452
Calculate the remainder when 9479462 is divided by 1895891.
7
Cal